 3, 37
Suppose w = 4*b + 223, 4*b + 575 + 524 = 5*w. List the prime factors of w.
3, 73
Let n(v) = v**2 - 14*v - 29. Let b be n(16). List the prime factors of ((-1)/3)/(b/(-2385)).
5, 53
Suppose -2058 - 300 = 9*p. Let f = 18 - p. What are the prime factors of f?
2, 5, 7
Let n(u) = -23*u - 144. List the prime factors of n(-43).
5, 13
Let k = -92 - -96. Suppose 78 = k*v - 942. What are the prime factors of v?
3, 5, 17
Suppose -f + 78 = -2. Suppose -2*r + f = -r. What are the prime factors of r?
2, 5
Let y be 52/13 + -1 + -8. Let v(x) be the first derivative of x**4/4 + 5*x**3/3 - 2*x**2 - 3*x - 2. List the prime factors of v(y).
17
Let p(s) = 2*s**2 - 4 - 10*s - 3*s**2 + 4 - 6. Let m be p(-9). What are the prime factors of 8 - (-1 + -2 + m)?
2
Let x be 8/2 - 1/(-1). Suppose -r - x*y = 9, r + 1 = 2*r - 5*y. Let d(b) = b + 7. List the prime factors of d(r).
3
Suppose 1 + 2 = 4*u - w, -2*u = 2*w - 14. Suppose -u*q = -50 - 222. What are the prime factors of q?
2, 17
Suppose o = k - 5, -o + 13 = 4*k + 2*o. Let y(m) = 24*m - 19. What are the prime factors of y(k)?
7, 11
Suppose 0*m + 8 = -m - 3*q, m - q = 0. List the prime factors of (8/12)/(-1*m/258).
2, 43
Suppose -6 = -2*w - 0*w. Let b(u) = u - 6. Let x be b(w). List the prime factors of x/(-5) + 976/40.
5
Suppose -6071 = -5*g + s, -6069 = -5*g - 26*s + 25*s. What are the prime factors of g?
2, 607
Let c = 1266 + 43. List the prime factors of c.
7, 11, 17
Suppose 3*r - 4 = 11. Suppose -2*f + b = -2, 2*f + 4 = -f + 5*b. List the prime factors of f + (r - 3)*5.
2, 3
Suppose 2645 = -36*f + 41*f. What are the prime factors of f?
23
Let f(w) = w**2 + 7*w - 9. Let u be f(-8). What are the prime factors of 40*(1/(-2))/u?
2, 5
Let d be 85*-1*7/(-7). Suppose 4*m = 3*m + d. What are the prime factors of m?
5, 17
Let v(h) be the second derivative of h**3/6 - 3*h**2/2 - 3*h. Let c = 24 - 17. What are the prime factors of v(c)?
2
Suppose 16*x = 20*x - 16. Suppose 0 = -5*j - x*j + 99. Let b(t) = 4*t - 18. What are the prime factors of b(j)?
2, 13
Let u(o) = o - 3. Let l be u(6). Let w be (-3)/6*-2 - l. What are the prime factors of (-24)/(-4)*(-1)/w?
3
Let b be (-8 - -2 - -9)/(3/13). Suppose 10*w - b*w + 357 = 0. What are the prime factors of w?
7, 17
Suppose -3*t + 2*t = -4. Suppose -3*w + t*d = -277 + 11, 3*w - 270 = 3*d. What are the prime factors of w?
2, 47
Let r be (-68)/4*-12 - -1. Suppose 9*c - r - 92 = 0. What are the prime factors of c?
3, 11
Let k(o) = -14. Let h(y) = -y - 1. Let l(t) = 5*h(t) - k(t). Let w be l(-9). Let r = w + -31. What are the prime factors of r?
23
Let m = 47 + -46. List the prime factors of m + -5 + -2 + 85.
79
Let b = -592 + 476. Suppose -2*l = -3*r - 502, -5*l = -3*l + 2. Let m = b - r. What are the prime factors of m?
2, 13
What are the prime factors of -4*(1437/9)/(12/(-9))?
479
Suppose -15*t + 9012 = -3078. List the prime factors of t.
2, 13, 31
Suppose 0 = 3*l - 2*g - 34 - 222, 4*l + 2*g - 332 = 0. Suppose 6*c - 6 - l = 0. Suppose -c + 3 = -6*p. List the prime factors of p.
2
Suppose 3*q + 4*c - 3074 = 0, 0 = 59*q - 62*q + 5*c + 3110. What are the prime factors of q?
2, 5, 103
Let l(j) = -j**2 - 5*j + 6. Let d be l(-5). Let u be 1/d + 435/90. Suppose u*n = -2*a + 6 + 136, 137 = 5*n - 3*a. List the prime factors of n.
2, 7
Suppose p + 2*p = 6. Suppose p*y + 0 = 2. What are the prime factors of (y/2)/((-10)/(-220))?
11
Suppose 0 = 4*k - j - 428, 2*j - 151 = -k - 53. Suppose f - 5*w + k = 2*f, -2*w = 5*f - 438. What are the prime factors of f?
2, 43
Let y(d) = 2*d. Let t be y(1). Suppose 15 = s - 5*n, 0 = -5*s + 2*s + t*n + 6. Suppose 4*p + g = 6*g + 8, s = 5*p + 2*g - 43. List the prime factors of p.
7
Suppose -4*z + 823 = -3*i + 2*i, -404 = -2*z - 2*i. Suppose 2*k + 2*b = 5*k - 615, 2*b = k - z. Suppose 4*t - k = 75. What are the prime factors of t?
2, 5, 7
Let d(p) be the third derivative of p**5/15 + 7*p**4/24 - 11*p**3/3 + 20*p**2. What are the prime factors of d(-7)?
5
Suppose 10 = i + 4*i. Let h = -71 - -73. Suppose -2*t + 10 = h*o, -i*o + 7*o - 1 = -t. List the prime factors of t.
2, 3
Suppose -u + 65 = -5*h, u + 31 = -0*h - 3*h. Let j(f) = -13*f + 19*f + 2 - 8*f. List the prime factors of j(h).
2, 13
Let d be (2 - 0) + 2/2. Let a be 3 + 32/20 - 2/(-5). Suppose 2*l + l - 84 = d*v, -a*l + 142 = -3*v. What are the prime factors of l?
29
Suppose -28*o + 38*o - 5740 = 0. What are the prime factors of o?
2, 7, 41
Suppose -52 = -4*d - 2*w, 2*d + 4*w - 71 = -3*d. Let v(c) = c - 4*c + d*c - 4*c - 2. List the prime factors of v(4).
2, 7
Suppose 2*j - 2*q - 8 = 0, -4*q + 6 = 2. Suppose -4*d = m - 130, m - 98 = -d + j*d. List the prime factors of m.
2, 3, 19
Suppose 2 = x - 0*x. Let p(i) = 15*i**2 - 5*i + 4. Let b be p(x). Suppose 3*m - b = 3*l, -99 = -5*m + l + l. List the prime factors of m.
3, 7
Let k = 2297 + -1517. List the prime factors of k.
2, 3, 5, 13
Let c = 4 + -9. Let m = c + -11. Let j = m - -32. List the prime factors of j.
2
Suppose 1066 = -7*b + 4440. List the prime factors of b.
2, 241
Suppose -4*b + f + 12 = -2*b, 5*b = -5*f. Suppose -b*t = -29 + 5. List the prime factors of t.
2, 3
Let a = 27 + -18. Let m(r) = a*r + 8 - 8 + 1 + 9. What are the prime factors of m(5)?
5, 11
Let t = 2917 - 1253. List the prime factors of t.
2, 13
Suppose 13*r - 14140 = 25653. What are the prime factors of r?
3061
What are the prime factors of (-15792)/(-360) - 4/(-30)?
2, 11
Suppose -5*n - 2*r + 1020 = 3*r, -r = -5*n + 1038. What are the prime factors of n?
3, 23
Suppose -19*r + 9348 = -7087. What are the prime factors of r?
5, 173
Let t(f) = 4*f. Let v be t(2). Suppose 2*h + 30 = v*h. List the prime factors of h.
5
Let q(z) = -z**3 + 7*z**2 + 2*z - 9. Suppose 19 = 4*v + v + 4*a, -39 = -5*v + a. Let d be q(v). Let s(i) = -i**3 + 7*i**2 - i. List the prime factors of s(d).
3, 5
Suppose 20 = 3*h + 7*h. What are the prime factors of (h/(-12))/((-9)/10638)?
197
What are the prime factors of (5 - (-5 + -102)) + -4?
2, 3
Suppose 0 = 4*n + 2*s - 20, 3*n = -n - s + 16. Suppose 0 = 2*j + 2*t - 32, -n*j - 3 + 51 = 5*t. List the prime factors of j.
2
Let d be 2/16 + (-710)/(-80). Suppose -4*l + d*l - 250 = 0. What are the prime factors of l?
2, 5
Let v(w) = 78*w**3 - w**2 - 2*w + 9. List the prime factors of v(2).
5
What are the prime factors of 1169 + 1 + -7*(-27)/(-63)?
3, 389
Let x(p) = -23*p + 2. What are the prime factors of x(-15)?
347
Suppose 3*l + 4*z - 1309 = -297, -2*z = 4*l - 1346. What are the prime factors of l?
2, 3, 7
Let y(r) be the first derivative of r**4/4 - 4*r**3/3 - 3*r**2 - 4. List the prime factors of y(6).
2, 3
Let j be (-4 - (-66)/9)*(-2 + 5). Let q = 32 - j. List the prime factors of q.
2, 11
Let p(w) = w**3 - 4*w**2 - 2*w + 22. What are the prime factors of p(8)?
2, 131
Let l = -84 + 91. Suppose l*k = -17 + 388. List the prime factors of k.
53
Suppose 4*x - 4*i + 8 = 0, 0 = 5*x + 4*i + 16 - 42. Suppose r - 23 = -a, x*r - 69 = -0*a - 3*a. List the prime factors of a.
23
Let y(l) = 2*l**3 - 7*l**2 - 8*l + 63. What are the prime factors of y(14)?
7, 83
What are the prime factors of 301*1/7*7?
7, 43
Let l(c) = -65*c + 1. List the prime factors of l(-11).
2, 179
Let q = 17 - 7. Let y be (-4)/q - (-48)/20. Suppose l - y*l + 30 = 0. What are the prime factors of l?
2, 3, 5
Let u(a) = -7*a - 14. Let j be u(-8). Let o = j + 112. List the prime factors of o.
2, 7, 11
Suppose 0 = -2*s + 4*z + 66, 8 = 2*s + 5*z - 76. Let c = 18 - 18. Suppose c*v - v + s = 0. What are the prime factors of v?
37
List the prime factors of (165/(-35) - -11)/((-2)/(-7)).
2, 11
List the prime factors of (-6 + (0 - -2) + -16)*-26.
2, 5, 13
Let m(z) = z**3 + 14*z**2 + 7*z - 18. What are the prime factors of m(-11)?
2, 67
Let b be (-46)/10 + (-39)/(-65). Let f(w) = -7*w**2 - 8*w - 7. Let r(l) = -8*l**2 - 8*l - 8. Let x(z) = 7*f(z) - 6*r(z). What are the prime factors of x(b)?
3, 5
Let t = 40 - 25. Suppose -4*c = -3*c - t. List the prime factors of c.
3, 5
Suppose 7*z = -2*j + 2*z + 16, -3*z = 5*j - 21. What are the prime factors of (-6)/5*(-340)/j?
2, 17
Let t be ((-31)/2)/((-1)/2). Let g = -1867 - -1895. Suppose -g*l + t*l - 249 = 0. What are the prime factors of l?
83
Suppose z + 2 - 4 = 0. Suppose 0 = -2*k - k + 4*f + 324, -540 = -5*k - z*f. Suppose -5*n + 448 = k. List the prime factors of n.